he hundreds digit of (5 - 6/(-4))*g?
4
Let y(f) = -f**3 - 9*f**2 + 9*f - 8. Let p be y(-10). Suppose 0*u + 6 = p*u. Suppose 4*t - 314 = a, -312 = -4*t + u*a - a. What is the units digit of t?
9
Suppose -1452 = 5*d + 498. Let k = d + 630. Suppose r = -5*t + k + 15, 5 = 5*t. What is the hundreds digit of r?
2
Let n = 2864 + -1681. Suppose -4*d + 2440 = 1012. Suppose -14*x - d = -n. What is the units digit of x?
9
Let z(m) = -4*m**2 - m + 1. Let y be z(1). Let d be ((-2)/y)/(6/24). Suppose -d*h + 32 = 10. What is the units digit of h?
1
Let j(r) = r**2 - 8*r + 14. Let m be j(6). Suppose z + 5*k + 68 = 0, -m*k = -2*z - k - 125. What is the tens digit of 14/z + (-1181)/(-9)?
3
Suppose -4*s + 7*s + 4*f = 22375, -37305 = -5*s - 4*f. What is the thousands digit of s?
7
Suppose -4*k + 5*g - 19 = 9, 0 = 2*g + 8. Let j be 0*(-6)/k + 76/2. Suppose -265 = -j*n + 33*n. What is the tens digit of n?
5
Suppose 4*h + 10169 - 65189 = -4*d, 0 = -5*d - 4*h + 68775. What is the ten thousands digit of d?
1
Let j = -3916 + 15230. What is the tens digit of j?
1
Suppose -25*j = -165 - 585. What is the hundreds digit of (j - 12)/(98/94 + -1)?
4
Suppose 26*i = 25*i - 1. What is the hundreds digit of (-8)/(4 + -6) + (245 - i)?
2
Suppose f = 3*z - 49079, f - 3*f - 4 = 0. What is the units digit of z?
9
Let n = -73 - -80. Suppose -a = 2*j + 3*a + 2, j + 5*a + n = 0. Suppose -5*y - 2*z - 8 = -38, -j*y = -4*z - 44. What is the units digit of y?
8
Let v = 21431 + -4150. What is the hundreds digit of v?
2
Let c = 27 - 29. Let s be (1 - (c + 2)) + 6. Let i(y) = y**3 - 5*y**2 - 12*y + 14. What is the tens digit of i(s)?
2
Let b(r) be the third derivative of -r**6/120 + r**5/5 - r**4/2 - 11*r**3/6 - 116*r**2. Suppose -18 = -4*y + 10. What is the tens digit of b(y)?
5
Suppose 140*c - 1473768 = 1619812. What is the units digit of c?
7
What is the hundreds digit of (1225/490)/(15/266676)?
4
What is the hundreds digit of ((-2)/(-6))/(-20 - 720183/(-36009))?
0
Let o(r) = -10*r**2 - 50*r - 1. Let p be o(4). Let b = 34 - p. What is the units digit of b?
5
Let q(p) = -9*p + 12. Let s be q(1). Suppose 0 = 3*x - 3*g - 831, 4*x - 265 = s*x + 5*g. What is the tens digit of x?
8
Suppose -1359 = -11*t - 17. Suppose t*y - 119*y = 216. What is the tens digit of y?
7
Suppose -5*j = -j - 168. Let w be (-23982)/(-336) - 3/8. Let c = w - j. What is the units digit of c?
9
Let i(p) = p**3 - p**2 + 4*p + 12. Let l be i(-6). What is the hundreds digit of (-11440)/l*51/2?
1
Let q(x) = -11 - 8 + 20 - 5*x. Let i be q(-18). Suppose -2*r + 5*k + 168 = 0, -3*k = -3*r + 170 + i. What is the units digit of r?
9
Let g(c) = -4*c**2 + 8*c - 13. Let i be g(11). Let v = -203 - i. What is the hundreds digit of v?
2
Let r(c) = -c**3 + 79*c**2 + 78*c - 127. What is the units digit of r(27)?
7
Suppose 0 = 167*l - 166*l - 31. Suppose l*q = 48*q - 10149. What is the units digit of q?
7
What is the hundreds digit of (-27)/(-3)*61/(3843/29400)?
2
Let i be (-1)/(18/(-3442)) + (-2)/9. Suppose -i = 8*s - 9*s. Suppose -f - o = 3*f - 257, -3*f + s = -o. What is the units digit of f?
4
Suppose -4*f = -15*f - 22. What is the units digit of 2*f/(-4)*47?
7
Let o(k) = k**2 + 27*k - 27. Let r = 254 - 283. What is the tens digit of o(r)?
3
What is the tens digit of ((-502)/(-2761))/(3/632511)?
3
Let p be ((-112)/12 - -2)*(-69 + 3). Suppose 2*j = -5*d + 484, 0 = 13*j - 15*j - d + p. What is the tens digit of j?
4
Let c be 2/4*((-60)/(-3) + -2). Let g(d) = -d**3 + 13*d**2 - 12*d + 20. What is the hundreds digit of g(c)?
2
Let t(j) = -j**2 - 13*j - 25. Let x be t(-10). Suppose -550 = -3*u + 5*c + 1406, -15 = x*c. What is the hundreds digit of u?
6
Let f = -151 + 161. What is the units digit of f?
0
Let d = -3 - 63. Let f(t) = 7*t + 39. Let b be f(-6). What is the tens digit of d/(-4)*b/((-27)/24)?
4
Let r(g) = -g - 2. Let n be r(-5). Suppose -d = -5*j + 22, 0*j - 2*j + n*d + 14 = 0. What is the units digit of 86/1 + 0/j + 2?
8
Let g(w) = -4595*w**3 + 23*w + 47. What is the tens digit of g(-2)?
6
Let g be 24 + ((-6)/(-2) - 5). Suppose -4*l = -3*l - g. Suppose 20*m - l*m = -160. What is the tens digit of m?
8
Let d(y) be the second derivative of y**5/20 - 13*y**3/6 - 26*y. What is the tens digit of d(5)?
6
Let z(g) = 141*g**2 - 25*g + 1. Let x be z(-4). Suppose -4*u + 2349 = 3*h, -6*h = -4*u - h + x. What is the hundreds digit of u?
5
Let d(a) = -220*a + 125. Let m be d(-10). Suppose 6*l - m - 747 = 0. What is the hundreds digit of l?
5
Suppose 2*b + 4993 = 5*w - 3670, 0 = 3*w - 3*b - 5205. What is the hundreds digit of w + (-5 - -2) + (8 - 3)?
7
Suppose 2*a - 4*t = 8990, 0 = -2*a - 2*t + 3380 + 5586. What is the thousands digit of a?
4
Let s be (-2 - 1*-2) + 0. Let v(i) = -13*i - 30. Let a be v(-8). Suppose s = -2*z - 0*z + a. What is the tens digit of z?
3
Suppose 590*h + 17046 = 596*h. What is the hundreds digit of h?
8
Suppose 4*k - 44 - 16 = 0. What is the hundreds digit of 5/k + (-1451)/(-3)?
4
What is the hundreds digit of (-282098)/(-34) - (7/(7/(-4)) + -1)?
3
Let w(b) = -67*b**3 + 2*b**2 - 9*b + 15. Let u be w(2). Let s = 746 - 1098. Let q = s - u. What is the units digit of q?
9
Let d = 69 + -66. Suppose -3*u - u + 31 = d*n, 4*n + 3*u - 39 = 0. Let i(x) = 2*x**2 - 17*x + 29. What is the units digit of i(n)?
8
Let b be ((-630)/(-36))/(1/(-2)). Let f = 38 + b. What is the units digit of ((-2)/f)/(2/(-285))?
5
What is the units digit of 1004/(-7)*(10 + 162/(-12))?
2
Let v(m) = -11*m**2 + 9*m + 2. Let g be v(6). Let h = -218 - g. What is the tens digit of h?
2
Let u = 17301 - -10675. What is the ten thousands digit of u?
2
Suppose -4842 = -3*g - 2*w, 4*g + 40*w - 44*w = 6476. What is the hundreds digit of g?
6
Let c = -56 - -86. Let y(d) = -d**3 - 6*d**2 + 4*d - 16. Let x be y(-8). Let n = x - c. What is the units digit of n?
0
Let d be (4/10)/((-40)/(-300)). Suppose 0 = -h - 5*v + 605, 1077 + 758 = d*h - 5*v. What is the units digit of h?
0
Let s = -27 + 27. Suppose s = -6*w + 14 + 4. Suppose 3*a - 4*j = 77, 4*j = -4*a + w*a + 31. What is the tens digit of a?
2
Let t = -7372 + 7392. Suppose -3 + 1 = -w. Suppose 972 = -w*d + t*d. What is the tens digit of d?
5
Suppose 729 + 1175 = 8*a. Let b = a + 145. Let f = -192 + b. What is the units digit of f?
1
Suppose 5*w + 4*s = -0 - 1, 0 = -3*w - 3*s. Let n be 2 - (-1 - (425 - w)). Suppose 279 = 6*b - n. What is the units digit of b?
8
Let r be (5 + -7 - -5) + -7 + 3. What is the tens digit of ((-1)/r)/(3/(-453)*-1)?
5
Suppose -8*b - 2 = v - 9*b, 4*b - 8 = 5*v. What is the tens digit of v + 431 + (-108)/(-36)?
3
Suppose 42 = 5*n - 23. Let z(x) = 30*x + 4. What is the units digit of z(n)?
4
Let a(b) = -8*b + 7. Let n be (-20)/30 - 16/(-6). Suppose -12 = 2*w + n*w. What is the units digit of a(w)?
1
Let f be 6/(-8)*-4 + (8 - 8). What is the tens digit of (-2)/f - (-1585)/15?
0
Let q(o) = 24 + 15*o + 14*o + 7*o + 16*o - 1. What is the hundreds digit of q(13)?
6
Let s(u) = u**3 + 14*u**2 + 11*u - 8. Let t be (11 - 2)*2/(-3). Let b(r) = -2*r - 25. Let y be b(t). What is the units digit of s(y)?
8
Let s(l) = 28075*l - 9. What is the hundreds digit of s(1)?
0
What is the units digit of (1 + 0)*(-248 - -6837)?
9
What is the thousands digit of 1/4 + 248248/31 + 1/(-4)?
8
Let a(m) = -1472*m - 1390. What is the tens digit of a(-10)?
3
Suppose 45*m = -4*d + 52*m + 251495, 5*m = -5. What is the units digit of d?
2
Let y be (-10)/6*117/(-65) + 21. What is the tens digit of ((-1166)/6)/((-8)/y)?
8
Suppose 0 = 232*d - 228*d - n - 58880, 5*d = 5*n + 73615. What is the thousands digit of d?
4
Suppose 8*m - 10*m = 50. Let v(s) = -2*s**2 - 49*s + 30. Let q be v(m). Suppose -5*r + r + 2*g + 278 = 0, q*r - 352 = g. What is the tens digit of r?
7
Let q(j) = -6*j - 56. Let k be q(-14). Suppose 10*y - 3*y = k. Suppose -y*m - l + 3*l = -216, 4*l = -5*m + 257. What is the units digit of m?
3
Let z(h) = 2078*h - 8. What is the tens digit of z(3)?
2
Let y = -75 + 86. Suppose 0 = -y*c + 17*c + 360. What is the hundreds digit of (-11648)/c + 1 + (-51)/45?
1
Let c(d) = -7*d - 302. Let z be c(0). Let g = 545 + z. What is the hundreds digit of g?
2
Let a(i) = 2 - 2 - 3*i + 11 + 5. Let u be a(7). Let n(l) = 3*l**2 + 3*l + 8. What is the tens digit of n(u)?
6
Suppose 0*k + 24 = 4*z - 2*k, -3*z = 3*k - 9. Suppose -5*l = -5